{"id":66,"date":"2015-07-31T17:50:08","date_gmt":"2015-07-31T17:50:08","guid":{"rendered":"http:\/\/danutaniemczyk.pl\/?page_id=66"},"modified":"2021-02-11T17:04:45","modified_gmt":"2021-02-11T17:04:45","slug":"kostiumy","status":"publish","type":"page","link":"http:\/\/danutaniemczyk.pl\/?page_id=66","title":{"rendered":"Kostiumy"},"content":{"rendered":"<p>Kostium uszyty w 2013 r. dla aktora <a class=\" link\" href=\"http:\/\/zmuszynski.eu\/\" target=\"_blank\" rel=\"noopener\">Zacharjasza Muszy\u0144skiego<\/a> do spektaklu <a class=\" link\" href=\"http:\/\/listydoskrecipitki.blog.pl\/\" target=\"_blank\" rel=\"noopener\">&#8222;Listy do Skr\u0119cipitki&#8221;<\/a>\u00a0 (fot. <a href=\"http:\/\/kadaj.art.pl\/\" target=\"_blank\" rel=\"noopener\">Jacek Kadaj<\/a>). Garnitur z kamizelk\u0105 oraz koszula z odpinanym ko\u0142nierzykiem i mankietami. Takie ubrania nosili panowie r\u00f3wno 100 lat temu. By m\u00f3c to dobrze uszy\u0107, posi\u0142kowa\u0142am si\u0119 ksi\u0105\u017ckami o historii mody oraz fotografiami z epoki&#8230;<\/p>\n<p><a href=\"http:\/\/danutaniemczyk.pl\/wp-content\/uploads\/2015\/07\/Zachariasz_Listy_proba_20130517__JLK0606.jpg\"><img loading=\"lazy\" decoding=\"async\" class=\"alignleft wp-image-148 size-thumbnail\" src=\"http:\/\/danutaniemczyk.pl\/wp-content\/uploads\/2015\/07\/Zachariasz_Listy_proba_20130517__JLK0606-150x150.jpg\" alt=\"Zachariasz_Listy_proba_20130517__JLK0606\" width=\"150\" height=\"150\" \/><\/a> <a href=\"http:\/\/danutaniemczyk.pl\/wp-content\/uploads\/2015\/07\/Zachariasz_Listy_proba_20130517__JLK0587.jpg\"><img loading=\"lazy\" decoding=\"async\" class=\"alignleft wp-image-147 size-thumbnail\" src=\"http:\/\/danutaniemczyk.pl\/wp-content\/uploads\/2015\/07\/Zachariasz_Listy_proba_20130517__JLK0587-150x150.jpg\" alt=\"Zachariasz_Listy_proba_20130517__JLK0587\" width=\"150\" height=\"150\" \/><\/a> <a href=\"http:\/\/danutaniemczyk.pl\/wp-content\/uploads\/2015\/07\/Zachariasz_Listy_proba_20130517__JLK0553.jpg\"><img loading=\"lazy\" decoding=\"async\" class=\"alignleft wp-image-143 size-thumbnail\" src=\"http:\/\/danutaniemczyk.pl\/wp-content\/uploads\/2015\/07\/Zachariasz_Listy_proba_20130517__JLK0553-150x150.jpg\" alt=\"Zachariasz_Listy_proba_20130517__JLK0553\" width=\"150\" height=\"150\" \/><\/a> <a href=\"http:\/\/danutaniemczyk.pl\/wp-content\/uploads\/2015\/07\/Zachariasz_Listy_proba_20130517__JLK0543.jpg\"><img loading=\"lazy\" decoding=\"async\" class=\"alignleft wp-image-140 size-thumbnail\" src=\"http:\/\/danutaniemczyk.pl\/wp-content\/uploads\/2015\/07\/Zachariasz_Listy_proba_20130517__JLK0543-150x150.jpg\" alt=\"Zachariasz_Listy_proba_20130517__JLK0543\" width=\"150\" height=\"150\" \/><\/a> <a href=\"http:\/\/danutaniemczyk.pl\/wp-content\/uploads\/2015\/07\/Zachariasz_Listy_proba_20130517__JLK0540.jpg\"><img loading=\"lazy\" decoding=\"async\" class=\"alignleft wp-image-137 size-thumbnail\" src=\"http:\/\/danutaniemczyk.pl\/wp-content\/uploads\/2015\/07\/Zachariasz_Listy_proba_20130517__JLK0540-150x150.jpg\" alt=\"Zachariasz_Listy_proba_20130517__JLK0540\" width=\"150\" height=\"150\" \/><\/a> <a href=\"http:\/\/danutaniemczyk.pl\/wp-content\/uploads\/2015\/07\/Zachariasz_Listy_proba_20130517__JLK0510.jpg\"><img loading=\"lazy\" decoding=\"async\" class=\"alignleft wp-image-136 size-thumbnail\" src=\"http:\/\/danutaniemczyk.pl\/wp-content\/uploads\/2015\/07\/Zachariasz_Listy_proba_20130517__JLK0510-150x150.jpg\" alt=\"Zachariasz_Listy_proba_20130517__JLK0510\" width=\"150\" height=\"150\" \/><\/a> <a href=\"http:\/\/danutaniemczyk.pl\/wp-content\/uploads\/2015\/07\/Zachariasz_Listy_proba_20130517__JLK0501.jpg\"><img loading=\"lazy\" decoding=\"async\" class=\"alignleft wp-image-135 size-thumbnail\" src=\"http:\/\/danutaniemczyk.pl\/wp-content\/uploads\/2015\/07\/Zachariasz_Listy_proba_20130517__JLK0501-150x150.jpg\" alt=\"Zachariasz_Listy_proba_20130517__JLK0501\" width=\"150\" height=\"150\" \/><\/a> <a href=\"http:\/\/danutaniemczyk.pl\/wp-content\/uploads\/2015\/07\/Zachariasz_Listy_proba_20130517__JLK0479.jpg\"><img loading=\"lazy\" decoding=\"async\" class=\"alignleft wp-image-134 size-thumbnail\" src=\"http:\/\/danutaniemczyk.pl\/wp-content\/uploads\/2015\/07\/Zachariasz_Listy_proba_20130517__JLK0479-150x150.jpg\" alt=\"Zachariasz_Listy_proba_20130517__JLK0479\" width=\"150\" height=\"150\" \/><\/a> <a href=\"http:\/\/danutaniemczyk.pl\/wp-content\/uploads\/2015\/07\/Zachariasz_Listy_proba_20130517__JLK0475.jpg\"><img loading=\"lazy\" decoding=\"async\" class=\"alignleft wp-image-133 size-thumbnail\" src=\"http:\/\/danutaniemczyk.pl\/wp-content\/uploads\/2015\/07\/Zachariasz_Listy_proba_20130517__JLK0475-150x150.jpg\" alt=\"Zachariasz_Listy_proba_20130517__JLK0475\" width=\"150\" height=\"150\" \/><\/a> <a href=\"http:\/\/danutaniemczyk.pl\/wp-content\/uploads\/2015\/07\/Zachariasz_Listy_proba_20130517__JLK0474.jpg\"><img loading=\"lazy\" decoding=\"async\" class=\"alignleft wp-image-132 size-thumbnail\" src=\"http:\/\/danutaniemczyk.pl\/wp-content\/uploads\/2015\/07\/Zachariasz_Listy_proba_20130517__JLK0474-150x150.jpg\" alt=\"Zachariasz_Listy_proba_20130517__JLK0474\" width=\"150\" height=\"150\" \/><\/a> <a href=\"http:\/\/danutaniemczyk.pl\/wp-content\/uploads\/2015\/07\/Zachariasz_Listy_proba_20130517__JLK0452.jpg\"><img loading=\"lazy\" decoding=\"async\" class=\"alignleft wp-image-131 size-thumbnail\" src=\"http:\/\/danutaniemczyk.pl\/wp-content\/uploads\/2015\/07\/Zachariasz_Listy_proba_20130517__JLK0452-150x150.jpg\" alt=\"Zachariasz_Listy_proba_20130517__JLK0452\" width=\"150\" height=\"150\" \/><\/a> <a href=\"http:\/\/danutaniemczyk.pl\/wp-content\/uploads\/2015\/07\/Zachariasz_Listy_proba_20130517__JLK0442.jpg\"><img loading=\"lazy\" decoding=\"async\" class=\"alignleft wp-image-130 size-thumbnail\" src=\"http:\/\/danutaniemczyk.pl\/wp-content\/uploads\/2015\/07\/Zachariasz_Listy_proba_20130517__JLK0442-150x150.jpg\" alt=\"Zachariasz_Listy_proba_20130517__JLK0442\" width=\"150\" height=\"150\" \/><\/a> <a href=\"http:\/\/danutaniemczyk.pl\/wp-content\/uploads\/2015\/07\/Zachariasz_Listy_proba_20130517__JLK0437.jpg\"><img loading=\"lazy\" decoding=\"async\" class=\"alignleft wp-image-129 size-thumbnail\" src=\"http:\/\/danutaniemczyk.pl\/wp-content\/uploads\/2015\/07\/Zachariasz_Listy_proba_20130517__JLK0437-150x150.jpg\" alt=\"Zachariasz_Listy_proba_20130517__JLK0437\" width=\"150\" height=\"150\" \/><\/a> <a href=\"http:\/\/danutaniemczyk.pl\/wp-content\/uploads\/2015\/07\/Zachariasz_Listy_proba_20130517__JLK0410.jpg\"><img loading=\"lazy\" decoding=\"async\" class=\"alignleft wp-image-128 size-thumbnail\" src=\"http:\/\/danutaniemczyk.pl\/wp-content\/uploads\/2015\/07\/Zachariasz_Listy_proba_20130517__JLK0410-150x150.jpg\" alt=\"Zachariasz_Listy_proba_20130517__JLK0410\" width=\"150\" height=\"150\" \/><\/a> <a href=\"http:\/\/danutaniemczyk.pl\/wp-content\/uploads\/2015\/07\/Zachariasz_Listy_proba_20130517__JLK0379.jpg\"><img loading=\"lazy\" decoding=\"async\" class=\"alignleft wp-image-127 size-thumbnail\" src=\"http:\/\/danutaniemczyk.pl\/wp-content\/uploads\/2015\/07\/Zachariasz_Listy_proba_20130517__JLK0379-150x150.jpg\" alt=\"Zachariasz_Listy_proba_20130517__JLK0379\" width=\"150\" height=\"150\" \/><\/a> <a href=\"http:\/\/danutaniemczyk.pl\/wp-content\/uploads\/2015\/07\/Zachariasz_Listy_proba_20130517__JLK0376.jpg\"><img loading=\"lazy\" decoding=\"async\" class=\"alignleft wp-image-126 size-thumbnail\" src=\"http:\/\/danutaniemczyk.pl\/wp-content\/uploads\/2015\/07\/Zachariasz_Listy_proba_20130517__JLK0376-150x150.jpg\" alt=\"Zachariasz_Listy_proba_20130517__JLK0376\" width=\"150\" height=\"150\" \/><\/a> <a href=\"http:\/\/danutaniemczyk.pl\/wp-content\/uploads\/2015\/07\/Zachariasz_Listy_proba_20130517__JLK0365.jpg\"><img loading=\"lazy\" decoding=\"async\" class=\"alignleft wp-image-125 size-thumbnail\" src=\"http:\/\/danutaniemczyk.pl\/wp-content\/uploads\/2015\/07\/Zachariasz_Listy_proba_20130517__JLK0365-150x150.jpg\" alt=\"Zachariasz_Listy_proba_20130517__JLK0365\" width=\"150\" height=\"150\" \/><\/a> <a href=\"http:\/\/danutaniemczyk.pl\/wp-content\/uploads\/2015\/07\/Zachariasz_Listy_proba_20130517__JLK0352.jpg\"><img loading=\"lazy\" decoding=\"async\" class=\"alignleft wp-image-123 size-thumbnail\" src=\"http:\/\/danutaniemczyk.pl\/wp-content\/uploads\/2015\/07\/Zachariasz_Listy_proba_20130517__JLK0352-150x150.jpg\" alt=\"Zachariasz_Listy_proba_20130517__JLK0352\" width=\"150\" height=\"150\" \/><\/a> <a href=\"http:\/\/danutaniemczyk.pl\/wp-content\/uploads\/2015\/07\/Zachariasz_Listy_proba_20130517__JLK0337.jpg\"><img loading=\"lazy\" decoding=\"async\" class=\"alignleft wp-image-122 size-thumbnail\" src=\"http:\/\/danutaniemczyk.pl\/wp-content\/uploads\/2015\/07\/Zachariasz_Listy_proba_20130517__JLK0337-150x150.jpg\" alt=\"Zachariasz_Listy_proba_20130517__JLK0337\" width=\"150\" height=\"150\" \/><\/a> <a href=\"http:\/\/danutaniemczyk.pl\/wp-content\/uploads\/2015\/07\/Zachariasz_Listy_proba_20130517__JLK0322.jpg\"><img loading=\"lazy\" decoding=\"async\" class=\"alignleft wp-image-121 size-thumbnail\" src=\"http:\/\/danutaniemczyk.pl\/wp-content\/uploads\/2015\/07\/Zachariasz_Listy_proba_20130517__JLK0322-150x150.jpg\" alt=\"Zachariasz_Listy_proba_20130517__JLK0322\" width=\"150\" height=\"150\" \/><\/a> <a href=\"http:\/\/danutaniemczyk.pl\/wp-content\/uploads\/2015\/07\/Zachariasz_Listy_proba_20130517__JLK0319.jpg\"><img loading=\"lazy\" decoding=\"async\" class=\"alignleft wp-image-120 size-thumbnail\" src=\"http:\/\/danutaniemczyk.pl\/wp-content\/uploads\/2015\/07\/Zachariasz_Listy_proba_20130517__JLK0319-150x150.jpg\" alt=\"Zachariasz_Listy_proba_20130517__JLK0319\" width=\"150\" height=\"150\" \/><\/a> <a href=\"http:\/\/danutaniemczyk.pl\/wp-content\/uploads\/2015\/07\/Zachariasz_Listy_proba_20130517__JLK0306.jpg\"><img loading=\"lazy\" decoding=\"async\" class=\"alignleft wp-image-119 size-thumbnail\" src=\"http:\/\/danutaniemczyk.pl\/wp-content\/uploads\/2015\/07\/Zachariasz_Listy_proba_20130517__JLK0306-150x150.jpg\" alt=\"Zachariasz_Listy_proba_20130517__JLK0306\" width=\"150\" height=\"150\" \/><\/a> <a href=\"http:\/\/danutaniemczyk.pl\/wp-content\/uploads\/2015\/07\/Zachariasz_Listy_proba_20130517__JLK0288.jpg\"><img loading=\"lazy\" decoding=\"async\" class=\"alignleft wp-image-118 size-thumbnail\" src=\"http:\/\/danutaniemczyk.pl\/wp-content\/uploads\/2015\/07\/Zachariasz_Listy_proba_20130517__JLK0288-150x150.jpg\" alt=\"Zachariasz_Listy_proba_20130517__JLK0288\" width=\"150\" height=\"150\" \/><\/a> <a href=\"http:\/\/danutaniemczyk.pl\/wp-content\/uploads\/2015\/07\/Zachariasz_Listy_proba_20130517__JLK0284.jpg\"><img loading=\"lazy\" decoding=\"async\" class=\"alignleft wp-image-117 size-thumbnail\" src=\"http:\/\/danutaniemczyk.pl\/wp-content\/uploads\/2015\/07\/Zachariasz_Listy_proba_20130517__JLK0284-150x150.jpg\" alt=\"Zachariasz_Listy_proba_20130517__JLK0284\" width=\"150\" height=\"150\" \/><\/a> <a href=\"http:\/\/danutaniemczyk.pl\/wp-content\/uploads\/2015\/07\/Zachariasz_Listy_proba_20130517__JLK0256.jpg\"><img loading=\"lazy\" decoding=\"async\" class=\"alignleft wp-image-116 size-thumbnail\" src=\"http:\/\/danutaniemczyk.pl\/wp-content\/uploads\/2015\/07\/Zachariasz_Listy_proba_20130517__JLK0256-150x150.jpg\" alt=\"Zachariasz_Listy_proba_20130517__JLK0256\" width=\"150\" height=\"150\" \/><\/a> <a href=\"http:\/\/danutaniemczyk.pl\/wp-content\/uploads\/2015\/07\/Zachariasz_Listy_proba_20130517__JLK0251.jpg\"><img loading=\"lazy\" decoding=\"async\" class=\"alignleft wp-image-115 size-thumbnail\" src=\"http:\/\/danutaniemczyk.pl\/wp-content\/uploads\/2015\/07\/Zachariasz_Listy_proba_20130517__JLK0251-150x150.jpg\" alt=\"Zachariasz_Listy_proba_20130517__JLK0251\" width=\"150\" height=\"150\" \/><\/a> <a href=\"http:\/\/danutaniemczyk.pl\/wp-content\/uploads\/2015\/07\/Zachariasz_Listy_proba_20130517__JLK0245.jpg\"><img loading=\"lazy\" decoding=\"async\" class=\"alignleft wp-image-114 size-thumbnail\" src=\"http:\/\/danutaniemczyk.pl\/wp-content\/uploads\/2015\/07\/Zachariasz_Listy_proba_20130517__JLK0245-150x150.jpg\" alt=\"Zachariasz_Listy_proba_20130517__JLK0245\" width=\"150\" height=\"150\" \/><\/a> <a href=\"http:\/\/danutaniemczyk.pl\/wp-content\/uploads\/2015\/07\/Zachariasz_Listy_proba_20130517__JLK0212.jpg\"><img loading=\"lazy\" decoding=\"async\" class=\"alignleft wp-image-113 size-thumbnail\" src=\"http:\/\/danutaniemczyk.pl\/wp-content\/uploads\/2015\/07\/Zachariasz_Listy_proba_20130517__JLK0212-150x150.jpg\" alt=\"Zachariasz_Listy_proba_20130517__JLK0212\" width=\"150\" height=\"150\" \/><\/a> <a href=\"http:\/\/danutaniemczyk.pl\/wp-content\/uploads\/2015\/07\/Zachariasz_Listy_proba_20130517__JLK0201.jpg\"><img loading=\"lazy\" decoding=\"async\" class=\"alignleft wp-image-112 size-thumbnail\" src=\"http:\/\/danutaniemczyk.pl\/wp-content\/uploads\/2015\/07\/Zachariasz_Listy_proba_20130517__JLK0201-150x150.jpg\" alt=\"Zachariasz_Listy_proba_20130517__JLK0201\" width=\"150\" height=\"150\" \/><\/a> <a href=\"http:\/\/danutaniemczyk.pl\/wp-content\/uploads\/2015\/07\/Zachariasz_Listy_proba_20130517__JLK0171.jpg\"><img loading=\"lazy\" decoding=\"async\" class=\"alignleft wp-image-111 size-thumbnail\" src=\"http:\/\/danutaniemczyk.pl\/wp-content\/uploads\/2015\/07\/Zachariasz_Listy_proba_20130517__JLK0171-150x150.jpg\" alt=\"Zachariasz_Listy_proba_20130517__JLK0171\" width=\"150\" height=\"150\" \/><\/a> <a href=\"http:\/\/danutaniemczyk.pl\/wp-content\/uploads\/2015\/07\/Zachariasz_Listy_proba_20130517__JLK0152.jpg\"><img loading=\"lazy\" decoding=\"async\" class=\"alignleft wp-image-110 size-thumbnail\" src=\"http:\/\/danutaniemczyk.pl\/wp-content\/uploads\/2015\/07\/Zachariasz_Listy_proba_20130517__JLK0152-150x150.jpg\" alt=\"Zachariasz_Listy_proba_20130517__JLK0152\" width=\"150\" height=\"150\" \/><\/a> <a href=\"http:\/\/danutaniemczyk.pl\/wp-content\/uploads\/2015\/07\/Zachariasz_Listy_proba_20130517__JLK0134.jpg\"><img loading=\"lazy\" decoding=\"async\" class=\"alignleft wp-image-109 size-thumbnail\" src=\"http:\/\/danutaniemczyk.pl\/wp-content\/uploads\/2015\/07\/Zachariasz_Listy_proba_20130517__JLK0134-150x150.jpg\" alt=\"Zachariasz_Listy_proba_20130517__JLK0134\" width=\"150\" height=\"150\" \/><\/a> <a href=\"http:\/\/danutaniemczyk.pl\/wp-content\/uploads\/2015\/07\/Zachariasz_Listy_proba_20130517__JLK0085.jpg\"><img loading=\"lazy\" decoding=\"async\" class=\"alignleft wp-image-108 size-thumbnail\" src=\"http:\/\/danutaniemczyk.pl\/wp-content\/uploads\/2015\/07\/Zachariasz_Listy_proba_20130517__JLK0085-150x150.jpg\" alt=\"Zachariasz_Listy_proba_20130517__JLK0085\" width=\"150\" height=\"150\" \/><\/a> <a href=\"http:\/\/danutaniemczyk.pl\/wp-content\/uploads\/2015\/07\/Zachariasz_Listy_proba_20130517__JLK0078.jpg\"><img loading=\"lazy\" decoding=\"async\" class=\"alignleft wp-image-107 size-thumbnail\" src=\"http:\/\/danutaniemczyk.pl\/wp-content\/uploads\/2015\/07\/Zachariasz_Listy_proba_20130517__JLK0078-150x150.jpg\" alt=\"Zachariasz_Listy_proba_20130517__JLK0078\" width=\"150\" height=\"150\" \/><\/a> <a href=\"http:\/\/danutaniemczyk.pl\/wp-content\/uploads\/2015\/07\/Zachariasz_Listy_proba_20130517__JLK0075.jpg\"><img loading=\"lazy\" decoding=\"async\" class=\"alignleft wp-image-106 size-thumbnail\" src=\"http:\/\/danutaniemczyk.pl\/wp-content\/uploads\/2015\/07\/Zachariasz_Listy_proba_20130517__JLK0075-150x150.jpg\" alt=\"Zachariasz_Listy_proba_20130517__JLK0075\" width=\"150\" height=\"150\" \/><\/a> <a href=\"http:\/\/danutaniemczyk.pl\/wp-content\/uploads\/2015\/07\/Zachariasz_Listy_proba_20130517__JLK0073.jpg\"><img loading=\"lazy\" decoding=\"async\" class=\"alignleft wp-image-105 size-thumbnail\" src=\"http:\/\/danutaniemczyk.pl\/wp-content\/uploads\/2015\/07\/Zachariasz_Listy_proba_20130517__JLK0073-150x150.jpg\" alt=\"Zachariasz_Listy_proba_20130517__JLK0073\" width=\"150\" height=\"150\" \/><\/a> <a href=\"http:\/\/danutaniemczyk.pl\/wp-content\/uploads\/2015\/07\/Zachariasz_Listy_proba_20130517__JLK0066.jpg\"><img loading=\"lazy\" decoding=\"async\" class=\"alignleft wp-image-103 size-thumbnail\" src=\"http:\/\/danutaniemczyk.pl\/wp-content\/uploads\/2015\/07\/Zachariasz_Listy_proba_20130517__JLK0066-150x150.jpg\" alt=\"Zachariasz_Listy_proba_20130517__JLK0066\" width=\"150\" height=\"150\" \/><\/a> <a href=\"http:\/\/danutaniemczyk.pl\/wp-content\/uploads\/2015\/07\/Zachariasz_Listy_proba_20130517__JLK0054.jpg\"><img loading=\"lazy\" decoding=\"async\" class=\"alignleft wp-image-96 size-thumbnail\" src=\"http:\/\/danutaniemczyk.pl\/wp-content\/uploads\/2015\/07\/Zachariasz_Listy_proba_20130517__JLK0054-150x150.jpg\" alt=\"Zachariasz_Listy_proba_20130517__JLK0054\" width=\"150\" height=\"150\" \/><\/a> <a href=\"http:\/\/danutaniemczyk.pl\/wp-content\/uploads\/2015\/07\/Zachariasz_Listy_proba_20130517__JLK0050.jpg\"><img loading=\"lazy\" decoding=\"async\" class=\"alignleft size-thumbnail wp-image-88\" src=\"http:\/\/danutaniemczyk.pl\/wp-content\/uploads\/2015\/07\/Zachariasz_Listy_proba_20130517__JLK0050-150x150.jpg\" alt=\"Zachariasz_Listy_proba_20130517__JLK0050\" width=\"150\" height=\"150\" \/><\/a><\/p>\n<hr \/>\n<p>Tu zwiastun monodramu, a co za tym idzie &#8211;\u00a0 wida\u0107 szczeg\u00f3\u0142y kostiumu w ruchu&#8230;<\/p>\n<p><iframe loading=\"lazy\" title=\"&quot;Listy do Skr\u0119cipitki&quot; - monodram Zacharjasza Muszy\u0144skiego (oficjalny zwiastun)\" width=\"656\" height=\"369\" src=\"https:\/\/www.youtube.com\/embed\/xPPmfOojKo0?feature=oembed\" frameborder=\"0\" allow=\"accelerometer; autoplay; clipboard-write; encrypted-media; gyroscope; picture-in-picture; web-share\" referrerpolicy=\"strict-origin-when-cross-origin\" allowfullscreen><\/iframe><\/p>\n","protected":false},"excerpt":{"rendered":"<p>Kostium uszyty w 2013 r. dla aktora Zacharjasza Muszy\u0144skiego do spektaklu &#8222;Listy do Skr\u0119cipitki&#8221;\u00a0 (fot. Jacek Kadaj). Garnitur z kamizelk\u0105 oraz koszula z odpinanym ko\u0142nierzykiem i mankietami. Takie ubrania nosili panowie r\u00f3wno 100 lat temu. By m\u00f3c to dobrze uszy\u0107, posi\u0142kowa\u0142am si\u0119 ksi\u0105\u017ckami o historii mody oraz fotografiami z epoki&#8230; Tu zwiastun monodramu, a co [&hellip;]<\/p>\n","protected":false},"author":1,"featured_media":0,"parent":0,"menu_order":4,"comment_status":"closed","ping_status":"open","template":"","meta":{"footnotes":""},"class_list":["post-66","page","type-page","status-publish","hentry"],"_links":{"self":[{"href":"http:\/\/danutaniemczyk.pl\/index.php?rest_route=\/wp\/v2\/pages\/66","targetHints":{"allow":["GET"]}}],"collection":[{"href":"http:\/\/danutaniemczyk.pl\/index.php?rest_route=\/wp\/v2\/pages"}],"about":[{"href":"http:\/\/danutaniemczyk.pl\/index.php?rest_route=\/wp\/v2\/types\/page"}],"author":[{"embeddable":true,"href":"http:\/\/danutaniemczyk.pl\/index.php?rest_route=\/wp\/v2\/users\/1"}],"replies":[{"embeddable":true,"href":"http:\/\/danutaniemczyk.pl\/index.php?rest_route=%2Fwp%2Fv2%2Fcomments&post=66"}],"version-history":[{"count":6,"href":"http:\/\/danutaniemczyk.pl\/index.php?rest_route=\/wp\/v2\/pages\/66\/revisions"}],"predecessor-version":[{"id":219,"href":"http:\/\/danutaniemczyk.pl\/index.php?rest_route=\/wp\/v2\/pages\/66\/revisions\/219"}],"wp:attachment":[{"href":"http:\/\/danutaniemczyk.pl\/index.php?rest_route=%2Fwp%2Fv2%2Fmedia&parent=66"}],"curies":[{"name":"wp","href":"https:\/\/api.w.org\/{rel}","templated":true}]}}